18*d**2 - 18*d + 75. Is t(13) composite?
False
Suppose 3*b = 259 + 467. Let k(c) = 374*c**2 + 1. Let d be k(1). Let v = d - b. Is v a prime number?
False
Suppose w - 2*u - 13523 = -0*u, w - 13523 = -u. Is w composite?
False
Let s(k) = 3*k - 12. Let r be s(4). Suppose -2*q - q - 2*i = -20, r = q - 2*i - 20. Let p(m) = 7*m - 3. Is p(q) composite?
False
Let q be 40124/6*(0 - -3). Suppose 5722 = -5*z + q. Is 0 + z/((-4)/(-1)) prime?
False
Let v = -650 + 1285. Is v composite?
True
Let g = 7 - 5. Suppose 0 = -3*d + g*d. Suppose -2815 = -5*r - d*r. Is r prime?
True
Suppose 0 = -0*h - 5*h. Suppose h = 3*b - 6. Let c(a) = 44*a - 5. Is c(b) composite?
False
Suppose 6*r = 2*v + 4*r - 754, 0 = 3*v - 5*r - 1139. Let n = -232 - -456. Let f = v - n. Is f a composite number?
False
Suppose -4*w + 694 = -2*w. Let s = 532 - w. Is s a composite number?
True
Let c = 113 + 646. Suppose -8*s + 5*s + 12 = 0, 5*x + 4*s = 26. Suppose -5*d + c = -x*d. Is d composite?
True
Let y(t) = -74*t + 71. Let f(h) = 222*h - 213. Let b(p) = 4*f(p) + 11*y(p). Is b(6) a composite number?
False
Let z(p) = p**3 + 7*p**2 + 7*p - 1. Let v be z(-5). Suppose w + v - 19 = 0. Suppose -383 - 72 = -w*a. Is a prime?
False
Let b be ((-4)/8)/(1/(-8)). Suppose -2*m + 8 = 3*q - m, b*q - 18 = -5*m. Suppose -170 = -q*x - 52. Is x composite?
False
Suppose -5*s - 5*r + 6314 = -s, 2*s = -5*r + 3152. Suppose -5*q - 4*z + 1573 = -7*z, 0 = -5*q + z + s. Is q a composite number?
False
Is (-8)/28*7*33107/(-2) prime?
True
Is 1*2102 - (2 - 12)/(-10) a prime number?
False
Let c(u) = -u**3 - 2*u**2 - 2*u - 1. Let p be c(-1). Suppose p = 5*m - 67 + 12. Suppose -15*v + 1348 = -m*v. Is v prime?
True
Let n(m) be the third derivative of -19*m**4/2 + 7*m**3/6 + 21*m**2. Is n(-5) prime?
False
Let r(b) = 108*b**3 + 2*b**2 + 21*b - 21. Is r(8) composite?
True
Suppose -5 = -2*v - 3*d, 2*v - 9 = 4*d - 3*d. Suppose -1775 = -5*y - 4*p, -4*p - 1815 = 16*y - 21*y. Suppose -v*u - 4*w = 35 - y, 0 = 3*w - 12. Is u prime?
False
Suppose 34*o - 36*o = -2*i + 26758, -5*i + 66915 = 5*o. Is i prime?
True
Suppose -2518 - 1441 = -o. Is o a composite number?
True
Suppose 0 = b + 5 - 10. Suppose -y + 229 = b*s, -2*y - 189 = -3*y + 5*s. Is y prime?
False
Let m = -1288 - -628. Let q = -211 - m. Is q prime?
True
Is (-3 - -4)*-3898*5/(-10) a composite number?
False
Is 2 + 764790/25 - (-18)/(-30) composite?
False
Let c = -9900 + 16273. Is c composite?
False
Is ((-37860)/24)/((-2)/(1 - -3)) prime?
False
Let y = 9 - 0. Let v = 9 - y. Is -8 + 5 - (v + -29) prime?
False
Suppose -f + 16 = 3*f. Suppose 4*y + f = -4*q, 5*q - 15 = -2*y + y. Suppose -3*i = q*o - 390, -3*i - o - 4*o + 387 = 0. Is i prime?
False
Let v = 69 - -604. Is v*(8/(-4) + 3) composite?
False
Let q(z) = 12*z - 41. Suppose 4*b - 49 = -5*o, -60 = -5*b - o - 25. Is q(b) a prime number?
True
Let g(x) = x**3 + 9*x**2 - x - 4. Let f be g(-9). Suppose 0 = 2*h - 1 + f. Is (-2 + -43 - h)*-1 prime?
True
Suppose 6*o = o + 90035. Is o composite?
True
Let x(f) = 2*f + 24. Let h be x(-11). Suppose -n = 5*t - 484, 0 = 3*t - n - h*n - 294. Is t a prime number?
True
Let q be 24/60*25/2. Suppose 2*f - 473 = 859. Suppose -s - 2 = 0, -q*r + r = -s - f. Is r a composite number?
True
Let g(l) = l**3 + 7*l**2 - 9*l - 6. Let h be g(-8). Suppose -271 = h*b - 4*n - 933, b - 3*n - 332 = 0. Is b prime?
False
Let h(s) = 24 - 38 - s**3 + 8*s**2 + 19. Let l = -9 + 15. Is h(l) composite?
True
Suppose -7*d + 16 = -3*d, -32 = -4*i - 4*d. Suppose i*z = -z + 15. Suppose -5*r = -z*a - 116, 5*r - 12 - 96 = -a. Is r a prime number?
False
Suppose k + 0 - 1 = 0. Is 523*k + 2*5/(-5) a prime number?
True
Let u be (-30)/(-2) - (-4 + 3). Let n = 248 + -99. Let g = n - u. Is g composite?
True
Let u be (-42)/(-4) - (-1)/(-2). Let l be ((-6)/u)/(6/30). Let j = l + 70. Is j a composite number?
False
Let h = -636 + 891. Let i(c) = -9*c + 40. Let m be i(17). Let b = h + m. Is b a prime number?
False
Suppose 5*c + 0*c - 20 = 0. Suppose 0 = g + c*t - 1241, 2*t - 1237 = -g - 3*t. Is g a composite number?
True
Let i be 2 + 2 + 0/(-2). Suppose o = -3*r + 367, i*r = o - 166 - 229. Is o prime?
True
Suppose -f + 2*z = -1, 5*f - 3 = 4*z + 26. Suppose -2324 = f*y - 13*y. Is y a prime number?
False
Is -7 - (4 - 9) - -7671 composite?
False
Suppose -198 = -7*u + 558. Suppose -318 = -2*q - 2*z + u, 3*q + 5*z - 647 = 0. Is q a prime number?
False
Let x be 3/3 - -1 - -3. Suppose -2*o + x*o = -16176. Is 3/2*o/(-24) a prime number?
True
Let q(a) = 3*a + 8. Let g be q(-4). Is (565/15)/(g/(-12)) composite?
False
Let g(y) = -y**2 - y + 9. Let f be g(0). Let l be (2 + -4)*f/(-2). Let v = 68 + l. Is v composite?
True
Let f = 144154 - 61815. Is f prime?
True
Suppose 25 - 7 = c. Is (12/c)/(4/4206*1) prime?
True
Let f(r) = -r**3 + 7*r**2 - 4*r - 8. Let k be f(6). Suppose -y + k*l = -309 - 336, 5*l = -15. Suppose 4*b - 1003 = y. Is b a composite number?
False
Let c be 44/(-55) - (-248)/10. Is (c/(-18))/(2/(-6)) + 4285 prime?
True
Suppose 2*z + 2*z + 8358 = 2*b, -20830 = -5*b - 3*z. Is b a composite number?
True
Suppose -7*s = -30*s + 279381. Is s a composite number?
True
Let z(p) be the third derivative of -p**5/60 + 2*p**3/3 + 3*p**2. Let c be z(0). Suppose -2*l + 842 = -c*m, -4*l + 843 + 814 = m. Is l composite?
True
Let t = -1913 + 3104. Suppose 4*m - t = -319. Suppose -5*w + m = -1092. Is w composite?
True
Let m(z) = 1. Let o(p) = 193*p + 24. Let g(w) = 3*m(w) - o(w). Is g(-6) a composite number?
True
Let q = 250 - -3. Is q a prime number?
False
Let v = 9317 + -2827. Let b be v/40 - (-2)/(-8). Let m = b + -35. Is m prime?
True
Let k(g) = 29*g**2 + 3*g - 2. Let w be k(-4). Suppose 48 = -3*z + w. Let b = 687 - z. Is b prime?
False
Let w be (-25 + -3)/(-7) + -2*1. Suppose 15622 = 4*m - w*g, 8 + 1 = 3*g. Is m a composite number?
False
Let w(i) = -i**3 - 17*i**2 - 46*i - 227. Is w(-24) prime?
True
Suppose 0 = -i - 3*r + 1139, -2*r + 6*r = i - 1167. Is i composite?
False
Let i(j) = 7*j - 7. Let d be i(3). Let c be 11441 + d - (1 + -5). Is (-2)/(-11) + c/77 a composite number?
False
Let k(g) = -46*g - 26. Suppose -4 = -3*o + 4*o. Is k(o) prime?
False
Let n be (15/6 + -3)*-6. Suppose -n*k = -5*k. Suppose 3*b - 683 - 1006 = k. Is b prime?
True
Suppose 5*r + 4*s = 9, -14 = -5*r - 2*s - 7. Is 4651/9 - 6/(-27)*r composite?
True
Let f(m) = 284*m + 97. Is f(24) composite?
True
Let p = 1076 - 703. Is p a prime number?
True
Suppose -297431 = -12*j + 156397. Is j a prime number?
False
Let m(j) = -j**3 + 11*j**2 + 57*j + 33. Is m(-20) prime?
False
Let j(l) = l**2 - 24*l + 2. Let v(d) = -d**2 + 8*d - 21. Let s be v(6). Is j(s) composite?
True
Let g be (-91)/35 + (2 - 14/10). Let s(r) = -8*r**3 + 4*r**2 + r - 1. Is s(g) prime?
False
Let c(l) = l**2 - l + 70. Let d be c(0). Suppose g - d = 102. Suppose -2*q = 2*o - g, 2*o - q + 256 = 5*o. Is o a composite number?
True
Let c = 11010 - 4079. Is c prime?
False
Suppose 0 = j, 5*q - 20 = q + 4*j. Suppose -8*i = -3*i - q. Is i - -65 - (0 + -1) prime?
True
Let l(i) = -267*i - 4. Let w be l(-2). Let n = 1083 - w. Is n prime?
False
Suppose 2*h = -q - 0*h - 1, 4*q + 4 = 3*h. Is (q - (-20)/8)*1108/3 a prime number?
False
Suppose -4*b + 6 = -c, -3*c + 8*c - 10 = 0. Suppose 5*g - 489 = b*g. Is g prime?
True
Let m(i) = 8*i**2 - 13*i + 59. Let h(l) = 3*l**2 - 4*l + 20. Let n(w) = 11*h(w) - 4*m(w). Let o be n(-7). Let v = o + 102. Is v a prime number?
True
Suppose 2*z + z = 36. Suppose 0 = 17*i - z*i - 10. Suppose -209 = -i*w + 89. Is w prime?
True
Is ((-19)/7 - -3) + 289758/98 prime?
True
Suppose 13*d = 9*d + 24. Is (3/2)/(d/136) prime?
False
Suppose 101*i + 13303981 = 39976566. Is i prime?
False
Suppose 3*b - 2*b - 3*a = 1474, 0 = 2*b + 3*a - 2921. Is b a composite number?
True
Let z(j) = 232*j - 47. Is z(6) composite?
True
Let s(l) = l - 6. Let q be s(10). Suppose 0*o - q*o = -12. Suppose 2*z - o*t = 109, -5*t + 32 - 7 = 0. Is z prime?
False
Let u = -220 + 483. Is u a prime number?
True
Is (18388/12)/(12/36) a composite number?
False
Is -2081*(-6 + -4 + 7) prime?
False
Let s(b) = -b - 1. Let y be s(-4). Suppose -a - 4 = 0, a + 139 = -y*w - 2*w. Is (-303)/2*90/w a prime number?
False
Let a be (4/(-14))/(5/(-35)). Let o be 7076/(-20) - a/10. Is (o/(-10))/(4/20) prime?
False
Suppose 3*v + 3 = 3*b, -v + 4*b = v + 12. Suppose -677 = -v*n 